i**3 + 30*i**2 + 30*i + 26. What is k(-29)?
-3
Let m(h) = -2*h**2 - 5*h - 2. Determine m(-1).
1
Let p(q) = 7*q**3 + q**2 - 4*q + 3. Determine p(2).
55
Let s(o) = 3*o - 1. Determine s(1).
2
Let z(q) = -q**3 - 16*q**2 + 14*q - 50. What is z(-17)?
1
Let h(u) = 4*u**2 + 27*u - 7. Determine h(-7).
0
Let n(x) = -29*x + 10. Give n(0).
10
Let j(f) = -f**2 + 8. Give j(-5).
-17
Let l(n) = n**3 + 3*n**2 + 2*n + 3. Calculate l(-3).
-3
Let d(q) = 6*q**3 + q**2 - 2*q - 3. Give d(-1).
-6
Let d(x) = -x**3 + 5*x**2 + 8*x - 2. What is d(6)?
10
Let y(m) = 2*m**3 - 8*m**2 - 11*m + 31. Calculate y(5).
26
Let v(p) = -5*p**2 + 2*p + 1. Give v(-1).
-6
Let i(p) = -p**2 + 7*p + 7. What is i(5)?
17
Let s(t) = t + 10. Determine s(0).
10
Let j(i) = -7*i + 8. Determine j(4).
-20
Let v(c) = c**3 - 6*c**2 - 25*c - 10. Determine v(9).
8
Let m(r) = r - 20. Give m(10).
-10
Let d(g) = -g**3 - 13*g**2 + 13*g + 1. Calculate d(-14).
15
Let j(w) = -w**3 - 2. What is j(2)?
-10
Let l(z) = z**3 - 6*z**2 + 5*z - 4. Calculate l(5).
-4
Let l(k) = -k**2 - 2*k. Calculate l(-6).
-24
Let d(x) = -x**2 + 4*x + 4. Determine d(-2).
-8
Let f(q) = 3*q**2 - 186*q - 6. Determine f(62).
-6
Let c(a) = -11*a**3 - 5*a**2 - 6*a - 5. What is c(-2)?
75
Let q(p) = 2*p - 4. Determine q(7).
10
Let t(w) = w**2 + 6*w - 14. Give t(-8).
2
Let m(d) = d**2 - 14*d - 1. Determine m(0).
-1
Let r(a) = 2*a**3 - 18*a**2 - 43*a - 7. Calculate r(11).
4
Let m(o) = 12*o. Determine m(-2).
-24
Let o(h) = h**3 + 5*h**2 + 3*h + 12. Give o(-5).
-3
Let x(w) = -w**3 - 12*w**2 - 26*w - 47. Give x(-10).
13
Let q(h) = -h + 12. Calculate q(-3).
15
Let p(s) = s**2 + 9*s - 19. Give p(-8).
-27
Let v(s) = 109*s + 552. What is v(-5)?
7
Let m(j) = -5*j - 23. What is m(-8)?
17
Let w(q) = -18*q**2 - 5. Calculate w(-2).
-77
Let j(u) = -u**3 - 5*u**2 - 9*u - 88. Calculate j(-6).
2
Let f(a) = -a + 4. Determine f(-3).
7
Let k(g) = -5*g + 17. What is k(-4)?
37
Let h(k) = -3*k**3 - k**2 + 5*k + 3. Calculate h(-2).
13
Let b(z) = -z**3 - 8*z**2 + 12*z + 6. Calculate b(-9).
-21
Let w(g) = -g**3 + 12*g**2 + g - 25. Calculate w(12).
-13
Let x(f) = -f**3 + 8*f**2 + 9*f - 11. Calculate x(9).
-11
Let k(o) = o**2 + 7*o - 73. What is k(6)?
5
Let n(p) = -p**2 + 17*p - 4. What is n(17)?
-4
Let a(d) = -3*d**3 + 2*d**2 - 2*d - 1. Give a(2).
-21
Let k(p) = p**2 - 12. What is k(0)?
-12
Let j(c) = 97*c + 483. Determine j(-5).
-2
Let q(k) = 13*k - 1. What is q(-2)?
-27
Let a(h) = -h**2 + 8*h + 30. Give a(-3).
-3
Let b(p) = -p**2 + 48*p + 318. Determine b(-6).
-6
Let k(h) = -h**3 - 6*h**2 + 6*h + 23. Give k(-6).
-13
Let w(t) = t**2 + 21*t + 95. Calculate w(-14).
-3
Let v(n) = -n**2 - 8*n - 38. Determine v(-11).
-71
Let a(b) = 3*b - 36. Determine a(18).
18
Let v(a) = 2*a**3 - 47*a**2 + 66*a + 4. Calculate v(22).
4
Let s(f) = 7*f + 243. Give s(-34).
5
Let y(p) = -p**3 - 4*p**2 + 12*p + 15. Determine y(-6).
15
Let n(v) = 3*v - 11. Calculate n(3).
-2
Let n(f) = -f**3 - 7*f**2 + 7*f + 8. Calculate n(-7).
-41
Let v(g) = -2*g**3 - 17*g**2 + 7*g - 17. Determine v(-9).
1
Let v(j) = -6*j - 18. Determine v(0).
-18
Let t(q) = -13*q**3 - 3*q**2 + 7*q - 5. Determine t(2).
-107
Let u(r) = -r**3 + 11*r**2 + 12*r - 13. Give u(12).
-13
Let i(c) = -c**2 - 26*c + 26. What is i(-27)?
-1
Let i(h) = -h**3 + 21*h**2 - 22*h + 45. Determine i(20).
5
Let t(z) = z - 1. What is t(9)?
8
Let s(b) = -3*b**3 + 7*b + 10. Calculate s(-2).
20
Let f(i) = 4*i + 82. Give f(-19).
6
Let i(l) = 2*l**2 - 2*l - 4. What is i(3)?
8
Let r(x) = 2*x - 27. Give r(-14).
-55
Let n(l) = -19*l - 116. What is n(-6)?
-2
Let f(n) = -n - 9. Determine f(8).
-17
Let f(n) = 8*n. Calculate f(-3).
-24
Let m(d) = -3*d + 7. Determine m(14).
-35
Let b(v) = v**3 - 13*v**2 + 14*v - 8. Determine b(12).
16
Let v(t) = -6*t + 49. Determine v(8).
1
Let u(v) = v**3 + 5*v**2 - 7*v. Give u(-6).
6
Let l(x) = x**3 - 11*x**2 - 12*x - 7. Calculate l(12).
-7
Let c(n) = 15*n**2 - 4*n + 2. Give c(2).
54
Let k(w) = 6*w + 3. What is k(3)?
21
Let r(s) = s**2 - 2*s - 29. Calculate r(8).
19
Let a(u) = -u**3 - 5*u**2 - 9*u - 41. Give a(-5).
4
Let x(o) = -2*o**2 + 6*o - 2. Give x(4).
-10
Let n(o) = -11*o - 2. Give n(2).
-24
Let w(x) = x**2 + 3*x - 12. Give w(8).
76
Let m(s) = -23*s - 24. Give m(-1).
-1
Let i(v) = 26*v + 18. What is i(1)?
44
Let c(y) = -12*y + 19. What is c(2)?
-5
Let f(s) = -s**3 - 9*s**2 - 13*s + 1. Calculate f(-7).
-6
Let n(x) = 17*x**2 - x - 2. Calculate n(-1).
16
Let h(i) = -2*i**2 + 10*i - 6. Give h(6).
-18
Let h(x) = -x**3 - 5*x**2 - 7*x + 1. What is h(-4)?
13
Let f(o) = -5*o + 14. Calculate f(7).
-21
Let o(u) = -u**3 + 2*u. Calculate o(-2).
4
Let i(b) = -b**3 + 27*b**2 + b - 27. Determine i(27).
0
Let t(x) = 32*x**2 - 2*x + 6. Determine t(0).
6
Let c(q) = q**2 + 2*q. Calculate c(2).
8
Let x(r) = r**3 + 15*r**2 + 18*r + 32. Calculate x(-14).
-24
Let r(l) = -l**2 + l - 18. Give r(6).
-48
Let t(y) = -y**2 + 11*y + 21. Calculate t(12).
9
Let r(a) = a**3 + 6*a**2 + 4*a - 7. Determine r(-4).
9
Let v(x) = -3*x**2 + 39*x - 7. What is v(12)?
29
Let h(l) = l**3 - 4*l**2 - 7*l. Determine h(5).
-10
Let b(d) = d**3 - 6*d**2 + 8*d - 3. Determine b(5).
12
Let h(z) = -z**3 - 5*z**2 + 6*z + 12. What is h(-6)?
12
Let f(x) = 2*x**3 + 112*x**2 + 111*x + 57. Give f(-55).
2
Let b(g) = g**2 - 4*g - 10. Determine b(7).
11
Let p(o) = o**3 - o**2 - o + 1. Give p(1).
0
Let h(t) = -23*t**2 - 136*t + 9. What is h(-6)?
-3
Let f(k) = k**3 - 4*k - 1. What is f(2)?
-1
Let y(c) = -2*c**3 - 13*c**2 - 3*c + 11. Give y(-6).
-7
Let s(z) = -5*z - 10. What is s(-3)?
5
Let d(m) = 3*m + 49. Determine d(-9).
22
Let u(g) = -6*g - 114. What is u(-13)?
-36
Let q(d) = 3*d + 2. Give q(5).
17
Let j(a) = -a**3 - 12*a**2 + a + 5. Give j(-12).
-7
Let d(o) = -o**2 + 4*o - 1. Determine d(8).
-33
Let m(h) = 9*h + 65. Give m(-9).
-16
Let b(d) = d**3 - 40*d**2 + 76*d + 13. Give b(38).
13
Let v(w) = 2*w - 18. Determine v(13).
8
Let x(q) = -q**3 + 2*q + 13. Calculate x(0).
13
Let z(k) = k**2 - 15*k + 26. Calculate z(16).
42
Let b(w) = 5*w - 1. Give b(13).
64
Let d(t) = -2*t + 18. What is d(7)?
4
Let z(c) = -c**2 - 7*c - 5. Give z(-7).
-5
Let m(c) = c**2 + 10*c + 7. Give m(-10).
7
Let i(k) = k**3 - 13*k**2 + 4*k - 41. Give i(13).
11
Let n(d) = -8*d**2 - 153*d - 26. Calculate n(-19).
-7
Let p(r) = 5*r + 8. Calculate p(-8).
-32
Let y(z) = 6*z + 16. Determine y(6).
52
Let t(r) = 2*r**3 + 105*r**2 - 63*r - 527. What is t(-53)?
3
Let u(q) = q**2 + 2*q - 33. Calculate u(-9).
30
Let n(x) = -x**3 + 3*x**2 + 40*x + 5. What is n(8)?
5
Let m(f) = -f**2 + 15*f - 19. Determine m(12).
17
Let l(w) = 38*w - 21. Give l(3).
93
Let q(p) = 6*p**2 + 83*p + 10. Determine q(-14).
24
Let w(r) = -5*r - 47. Calculate w(-10).
3
Let x(t) = 3*t**2 - 4*t - 3. What is x(-2)?
17
Let m(u) = -u**2 - 6*u + 1. Calculate m(6).
-71
Let x(n) = n**3 - 5*n**2. Determine x(6).
36
Let v(a) = 5*a**2 + 10*a + 31. What is v(-3)?
46
Let j(f) = -f**2 + 6*f + 4. Determine j(8).
-12
Let i(f) = f**2 + 7*f + 11. Give i(-4).
-1
Let v(j) = 9*j**2 + 2*j - 1. What is v(1)?
10
Let r(i) = -i**3 - 4*i**2 - 12*i - 6. What is r(-5)?
79
Let q(c) = c**2 - c + 11. What is q(-4)?
31
Let r(s) = -2*s - 13. Calculate r(-4).
-5
Let t(v) = -v**2 + 9*v - 7. What is t(6)?
11
Let j(a) = 23*a + 975. Determine j(-43).
-14
Let a(i) = -5*i + 29. Determine a(7).
-6
Let g(n) = -2*n**3 + 6*n**2 + 5*n + 10. Calculate g(5).
-65
Let s(p) = -31*p - 210. What is s(-7)?
7
Let s(m) = -4*m**2 + 19*m - 1. Calculate s(2).
21
Let p(k) = k**2 - 5*k - 12. Determine p(-2).
2
Let z(f) = f**2 - 24*f - 30. Determine z(25).
-5
Let g(u) = -u**2 + 4*u + 8. Give g(6).
-4
Let b(z) = -2*z**3 - 3*z**2 + 9*z. Give b(-3).
0
Let f(g) = -g**3 - 17*g**2 + g + 23. Determine f(-17).
6
Let h(b) = 7*b**2 - 15. Determine h(-4).
97
Let x(j) = 125*j - 1368. Determine x(11).
7
Let k(a) = -10*a**3 + 2*a**2 + 2*a. Give k(2).
-68
Let g(v) = -v**2 + 10*v - 2. What is g(7)?
19
Let j(t) = t**2 - 5*t - 7. Calculate j(-3).
17
Let y(g) = -2*g**2 + 2*g - 1. Give y(-2).
-13
Let d(p) = p**2 - 2*p - 9. What is d(-4)?
15
Let r(z) = z**2 - 16*z + 50. Determine r(5).
-5
Let m(i) = 5*i - 30. Give m(5).
-5
Let b(a) = a**2 - 26*a + 5. What is b(0)?
5
Let b(z) = -z**3 - 26*z**2 + 29*z - 24. Calculate b(-27).
-78
Let o(m) = -m**2 - 5*m - 4. What is o(-3)?
2
Let k(w) = 3*w**2 + 6*w - 4. What is k(-2)?
-4
Let i(h) = -24*h**2